 151
What are the prime factors of 49938?
2, 3, 7, 29, 41
List the prime factors of 5392.
2, 337
What are the prime factors of 1007?
19, 53
What are the prime factors of 25879?
7, 3697
What are the prime factors of 2730?
2, 3, 5, 7, 13
What are the prime factors of 28262?
2, 13, 1087
List the prime factors of 6982.
2, 3491
List the prime factors of 3315.
3, 5, 13, 17
What are the prime factors of 16332?
2, 3, 1361
List the prime factors of 1240.
2, 5, 31
What are the prime factors of 54018?
2, 3, 3001
What are the prime factors of 39258?
2, 3, 727
List the prime factors of 496.
2, 31
What are the prime factors of 2320?
2, 5, 29
List the prime factors of 3968.
2, 31
List the prime factors of 148635.
3, 5, 367
List the prime factors of 25766.
2, 13, 991
What are the prime factors of 999?
3, 37
What are the prime factors of 1125?
3, 5
What are the prime factors of 10700?
2, 5, 107
List the prime factors of 1185.
3, 5, 79
What are the prime factors of 62014?
2, 101, 307
List the prime factors of 1374.
2, 3, 229
What are the prime factors of 1944?
2, 3
What are the prime factors of 69608?
2, 7, 11, 113
List the prime factors of 1717.
17, 101
List the prime factors of 3457.
3457
List the prime factors of 174.
2, 3, 29
What are the prime factors of 1936?
2, 11
What are the prime factors of 136764?
2, 3, 29, 131
List the prime factors of 578.
2, 17
What are the prime factors of 137?
137
List the prime factors of 20283.
3, 6761
List the prime factors of 3329.
3329
What are the prime factors of 4399?
53, 83
What are the prime factors of 37273?
37273
What are the prime factors of 71651?
137, 523
List the prime factors of 34804.
2, 7, 11, 113
List the prime factors of 4139.
4139
List the prime factors of 27569.
19, 1451
What are the prime factors of 54661?
47, 1163
List the prime factors of 446.
2, 223
What are the prime factors of 25070?
2, 5, 23, 109
What are the prime factors of 7778?
2, 3889
What are the prime factors of 5248?
2, 41
What are the prime factors of 60083?
60083
List the prime factors of 1619.
1619
List the prime factors of 4295.
5, 859
List the prime factors of 40165.
5, 29, 277
What are the prime factors of 12555?
3, 5, 31
What are the prime factors of 124?
2, 31
What are the prime factors of 3707?
11, 337
What are the prime factors of 59846?
2, 23, 1301
List the prime factors of 523.
523
List the prime factors of 5692.
2, 1423
List the prime factors of 9672.
2, 3, 13, 31
List the prime factors of 2884.
2, 7, 103
List the prime factors of 2733.
3, 911
List the prime factors of 382.
2, 191
What are the prime factors of 739?
739
What are the prime factors of 940?
2, 5, 47
List the prime factors of 11163.
3, 61
What are the prime factors of 372?
2, 3, 31
What are the prime factors of 912?
2, 3, 19
List the prime factors of 23208.
2, 3, 967
What are the prime factors of 2009?
7, 41
What are the prime factors of 1417?
13, 109
What are the prime factors of 3022?
2, 1511
What are the prime factors of 23470?
2, 5, 2347
List the prime factors of 95368.
2, 7, 13, 131
List the prime factors of 184.
2, 23
What are the prime factors of 37696?
2, 19, 31
What are the prime factors of 2200?
2, 5, 11
What are the prime factors of 18733?
11, 13, 131
List the prime factors of 27266.
2, 13633
What are the prime factors of 2436?
2, 3, 7, 29
List the prime factors of 12103.
7, 13, 19
List the prime factors of 106128.
2, 3, 11, 67
List the prime factors of 64417.
37, 1741
List the prime factors of 2210.
2, 5, 13, 17
List the prime factors of 1636.
2, 409
What are the prime factors of 279?
3, 31
List the prime factors of 13986.
2, 3, 7, 37
What are the prime factors of 638?
2, 11, 29
What are the prime factors of 5374?
2, 2687
What are the prime factors of 7484?
2, 1871
List the prime factors of 656.
2, 41
What are the prime factors of 569?
569
List the prime factors of 6622.
2, 7, 11, 43
List the prime factors of 3185.
5, 7, 13
List the prime factors of 56224.
2, 7, 251
What are the prime factors of 76435?
5, 15287
List the prime factors of 1724.
2, 431
What are the prime factors of 117882?
2, 3, 37, 59
What are the prime factors of 856?
2, 107
What are the prime factors of 284?
2, 71
List the prime factors of 3921.
3, 1307
List the prime factors of 19088.
2, 1193
List the prime factors of 199.
199
What are the prime factors of 475?
5, 19
List the prime factors of 26838.
2, 3, 7, 71
What are the prime factors of 1569?
3, 523
What are the prime factors of 40188?
2, 3, 17, 197
List the prime factors of 2622.
2, 3, 19, 23
List the prime factors of 444.
2, 3, 37
What are the prime factors of 1202?
2, 601
What are the prime factors of 15438?
2, 3, 31, 83
What are the prime factors of 8650?
2, 5, 173
What are the prime factors of 27933?
3, 9311
List the prime factors of 14986.
2, 59, 127
List the prime factors of 107709.
3, 7, 23, 223
What are the prime factors of 23383?
67, 349
List the prime factors of 1727.
11, 157
List the prime factors of 11915.
5, 2383
List the prime factors of 4262.
2, 2131
List the prime factors of 28213.
89, 317
List the prime factors of 50891.
50891
What are the prime factors of 19942?
2, 13, 59
What are the prime factors of 31630?
2, 5, 3163
What are the prime factors of 6552?
2, 3, 7, 13
What are the prime factors of 567?
3, 7
What are the prime factors of 29479?
41, 719
List the prime factors of 10281.
3, 23, 149
What are the prime factors of 18406?
2, 9203
List the prime factors of 13023.
3, 1447
What are the prime factors of 8629?
8629
What are the prime factors of 1660?
2, 5, 83
What are the prime factors of 8123?
8123
What are the prime factors of 12636?
2, 3, 13
List the prime factors of 879.
3, 293
List the prime factors of 4953.
3, 13, 127
List the prime factors of 2610.
2, 3, 5, 29
What are the prime factors of 2239?
2239
What are the prime factors of 19806?
2, 3, 3301
What are the prime factors of 14675?
5, 587
What are the prime factors of 211?
211
List the prime factors of 24956.
2, 17, 367
List the prime factors of 30228.
2, 3, 11, 229
List the prime factors of 708.
2, 3, 59
What are the prime factors of 22703?
73, 311
List the prime factors of 9208.
2, 1151
What are the prime factors of 576?
2, 3
List the prime factors of 11822.
2, 23, 257
What are the prime factors of 62709?
3, 20903
What are the prime factors of 19166?
2, 7, 37
What are the prime factors of 1057?
7, 151
What are the prime factors of 87534?
2, 3, 1621
List the prime factors of 33620.
2, 5, 41
List the prime factors of 5064.
2, 3, 211
List the prime factors of 1934.
2, 967
What are the prime factors of 15269?
15269
What are the prime factors of 981?
3, 109
What are the prime factors of 2880?
2, 3, 5
What are the prime factors of 76354?
2, 38177
List the prime factors of 2386.
2, 1193
What are the prime factors of 56252?
2, 7, 41
What are the prime factors of 9411?
3, 3137
What are the prime factors of 409?
409
What are the prime factors of 983?
983
What are the prime factors of 1058?
2, 23
What are the prime factors of 8489?
13, 653
What are the prime factors of 939?
3, 313
List the prime factors of 3014.
2, 11, 137
What are the prime factors of 29965?
5, 13, 461
What are the prime factors of 726?
2, 3, 11
What are the prime factors of 53323?
53323
List the prime factors of 83493.
3, 9277
List the prime factors of 698.
2, 349
List the prime factors of 999.
3, 37
What are the prime factors of 11204?
2, 2801
List the prime factors of 38837.
71, 547
List the prime factors of 272.
2, 17
List the prime factors of 671.
11, 61
What are the prime factors of 8860?
2, 5, 443
List the prime factors of 5348.
2, 7, 191
What are the prime factors of 22251?
3, 7417
List the prime factors of 17474.
2, 8737
What are the prime factors of 9887?
9887
List the prime factors of 5878.
2, 2939
List the prime factors of 227.
227
What are the prime factors of 12710?
2, 5, 31, 41
What are the prime factors of 1028?
2, 257
List the prime factors of 15302.
2, 7, 1093
What are the prime factors of 777?
3, 7, 37
What are the prime factors of 77918?
2, 38959
List the prime factors of 12112.
2, 757
List the prime factors of 860.
2, 5, 43
List the prime factors of 10176.
2, 3, 53
List the prime factors of 47662.
2, 23831
What are the prime factors of 3329?
3329
List the prime factors 